is divided by 5*((-126)/(-24) - 1/4)?
22
Let i = -374 + 533. What is the remainder when i is divided by 54?
51
Let d(q) = 13*q**3 + 2*q**2 - 3*q + 2. What is the remainder when d(2) is divided by 22?
20
Suppose n + n - 28 = 0. Let z(b) = 9*b**2 - b. Calculate the remainder when n is divided by z(1).
6
Suppose 7*c - h - 209 = 3*c, -2*c + 2*h = -112. Calculate the remainder when c is divided by 13.
12
Let q(f) = f + 1. Suppose -2*p + 3*z - 9 = 6*z, -4*p + 2*z - 10 = 0. What is the remainder when ((-2)/p)/(12/306) is divided by q(5)?
5
Calculate the remainder when 21 is divided by 516/66 + 2/11.
5
Suppose 4*d = 4*x - 84, 0 = -x - 3*d + 2 + 11. Calculate the remainder when (-220)/(-2)*(-1)/(-2) is divided by x.
17
Let h be 59*4 - (1 + -2). Suppose -2*u + h = -u. Suppose 5*p + 0*n - n - 249 = 0, -2*n + u = 5*p. What is the remainder when p is divided by 17?
15
Let l(m) = -2*m**3 - 3*m**2 - 4*m - 7. Calculate the remainder when 60 is divided by l(-3).
28
Let q = 12 - 0. Let a(n) = n**3 + n**2 + n + 23. Suppose -10 = -z + 2*b, -4*b = 3*z - 2*z + 20. What is the remainder when a(z) is divided by q?
11
Suppose 0*m - 25 = -5*m. What is the remainder when (1 - 10)*(1 - 2 - 0) is divided by m?
4
Suppose -4*k = -2*c - 8 - 10, 0 = -3*k + c + 12. Suppose 0*s + 57 = -k*s. Let n = s - -41. What is the remainder when 65 is divided by n?
21
Suppose 0 = -3*d + 325 - 79. Let h = -187 + 208. What is the remainder when d is divided by h?
19
Let f = 19 + -3. What is the remainder when 156 is divided by f?
12
Let n(d) = d**3 + 4*d**2 - 4*d + 7. Let y be n(-5). Suppose 19 - 1 = y*p. Calculate the remainder when (0 - 0) + (-32)/(-2) is divided by p.
7
Let k(v) = 19*v - 3. Let g(f) = 11*f**2 + f. What is the remainder when k(2) is divided by g(1)?
11
Let i = -1972 + 1172. Calculate the remainder when i/(-30) - 1/(-3) is divided by 7.
6
Suppose 13 = d + 3*u, -d + 2*u - 2 = 5. Let x be (d/(-2) + 0)*0. Suppose -3*z + x*z + 147 = 0. What is the remainder when z is divided by 17?
15
Let o = -131 - -196. Let t = -90 + 132. Suppose -3*h - 3 = 0, -65 - t = -5*x - 3*h. Calculate the remainder when o is divided by x.
21
Let q(u) = 6*u**2 - 6*u - 4. Let p be q(-4). Suppose 0*x - s = 2*x - 59, 4*s = -4*x + p. Suppose -3*d + d = -32. What is the remainder when x is divided by d?
14
Let s(w) = -w**2 - 8*w + 6. Suppose -75*z = -72*z - 21. What is the remainder when s(-7) is divided by z?
6
Suppose 0*q + 3*q - 4*t = 55, -5*t + 6 = 2*q. Calculate the remainder when -1 - (-3)/2 - 3434/(-68) is divided by q.
12
Suppose -2*c = -3*z - 20, 0*z + 3*z + 12 = 0. Calculate the remainder when c is divided by 3.
1
Let z(k) = k**3 + 5*k**2 - 9*k - 6. Calculate the remainder when 21 is divided by z(-6).
9
Let y = 108 + -69. What is the remainder when y is divided by 15?
9
Let d be ((-8)/(-6))/2*9. Suppose -15*x - 126 = -18*x. Suppose -2*q - 2 = -d, -2*i - 4*q = -x. Calculate the remainder when i is divided by 9.
8
Let k = 1545 - 1092. Let t = k + -233. Suppose -h - 2*q - 20 = -65, 2*q + t = 4*h. Calculate the remainder when h is divided by 18.
17
Suppose 0 = -5*v + 2*v + 48. What is the remainder when 29 is divided by v?
13
Let x(p) be the first derivative of -p**4/4 + 4*p**3/3 + 7*p**2/2 - 3. What is the remainder when (-3)/12 - (-113)/4 is divided by x(5)?
8
Let z = 24 + -6. Calculate the remainder when 124 is divided by z.
16
Suppose d = 74 + 1. Suppose 3*o + 2*l - 286 = -o, -3*l - d = -o. What is the remainder when o is divided by 15?
12
Suppose 0 = -f + 4*f - 696. What is the remainder when f is divided by 39?
37
Let j = -116 - -124. What is the remainder when 31 is divided by j?
7
Suppose 3*n = 175 - 55. Calculate the remainder when 238 is divided by n.
38
Suppose -4*o - 1 + 97 = 0. Calculate the remainder when 118 is divided by o.
22
Let w(a) = -2*a + 412. Let i be w(0). Suppose d = -3*d + i. What is the remainder when d is divided by 26?
25
Let a = 25 + -13. Let p be ((-20)/a)/(2/(-6)). Suppose -177 = -5*t + 2*k, p*t - 107 = 2*t + k. What is the remainder when t is divided by 13?
11
Suppose 0 = 3*f + 2*f - 75. Let t = f + -2. What is the remainder when 25 is divided by t?
12
Let q be 1/((-7)/(-3) - 2). Suppose 4*v = q*v. Suppose v = 3*g - 2*g - 49. Calculate the remainder when g is divided by 17.
15
Let p(a) = -a**2 + 14*a - 28. What is the remainder when p(10) is divided by 3?
0
Let u(r) = -r**3 - 3*r**2 - 6*r - 7. What is the remainder when (-2)/(-4 - -2)*1 is divided by u(-2)?
0
Let a(g) = g**3 + 7*g**2 + 7*g + 1. What is the remainder when 41 is divided by a(-4)?
20
Let x = 132 + -124. Calculate the remainder when 36 is divided by x.
4
Let x(v) = -v - 2. Let z be 0 + 3/6*4. Suppose z*f - 3 = 1. What is the remainder when f is divided by x(-3)?
0
Suppose -t - i + 239 = 3*t, 109 = 2*t - 3*i. Suppose 4*m = -3*p + 51, 3*m + 5*p - 38 + 8 = 0. What is the remainder when t is divided by m?
14
What is the remainder when 14 is divided by (-15)/(-25) - (-85)/25?
2
Suppose k - 21 = -2*a - 2*k, 0 = 4*a - 5*k - 31. Calculate the remainder when 69 is divided by a.
6
Suppose 4*i + 3 - 11 = -2*o, 0 = -5*o - 4*i + 50. Let w = o + -8. Calculate the remainder when 15 is divided by w.
3
Suppose 4*o - a = o + 32, -4*o + 16 = 4*a. Suppose 59 = 5*m - 26. Calculate the remainder when m is divided by o.
8
Suppose -10*a = -8*a - 20. What is the remainder when 48 is divided by a?
8
Let i(g) = 24*g**2 + 1. Let k be i(1). Suppose -4*y + k = -3*y. What is the remainder when y is divided by 13?
12
Let d = -25 - -71. Calculate the remainder when d is divided by 16.
14
Calculate the remainder when 36 is divided by -2*(-28)/8 + 1*3.
6
Suppose -5*b - 2 = -4*j, -4*j + 10 - 4 = -3*b. Let l(a) = -8*a - j*a + 4*a. Calculate the remainder when 40 is divided by l(-2).
12
Suppose 5*d - 25 = 0, -5*d - 3 = 4*f - 4. Let s(o) = -o + 7. What is the remainder when s(f) is divided by 4?
1
Let w be 4 + (-1 + -1 - -1). Suppose -t = w*t. Suppose t = a - 6*a + 95. Calculate the remainder when a is divided by 10.
9
Let a(t) be the first derivative of -t**3/3 + 6*t**2 + 8*t - 4. Calculate the remainder when a(9) is divided by 18.
17
Suppose 36 + 344 = 5*p. What is the remainder when p is divided by 27?
22
Let v(f) = f**3 - 2*f**2 + 5*f - 1. What is the remainder when v(4) is divided by 18?
15
Suppose n = 7*n - 54. Calculate the remainder when 15 is divided by n.
6
Suppose -2*z + 4 = -0*z. Suppose 2*o - 19 = -2*y + 5*y, -o - 1 = z*y. Calculate the remainder when 8 is divided by o.
3
Suppose -2*x = -128 + 32. Let c be 2/14 - x/(-7). Suppose c = -2*n + 39. What is the remainder when 30 is divided by n?
14
Let i be 2/16*-6*-40. Suppose -i = -g + 2. Calculate the remainder when g is divided by 17.
15
Let j = 28 + -18. What is the remainder when 37 is divided by j?
7
Suppose y - 5*w = -2*w - 10, -3*y + 10 = w. Let h be 2/(-6) + (-1)/(-3). Suppose -8 = -h*g - 2*g. What is the remainder when g is divided by y?
0
Let j = 5 + 1. Suppose -3*a - 5*f = -174, -6 - j = -4*f. Calculate the remainder when a is divided by 14.
11
Let u = 20 - -6. Suppose 0 = 4*v - v - 3. Calculate the remainder when u is divided by (-46)/(-5) - v/5.
8
Let u be -3*(-4)/((-4)/(-1)). Let y = 24 - u. What is the remainder when 60 is divided by y?
18
Let b(p) = -p - 7. Let j be b(-10). Suppose -15 = -j*x + 9. Let n(z) = z. Calculate the remainder when x is divided by n(3).
2
Suppose 0 = 10*d - 2*d - 472. What is the remainder when d is divided by 20?
19
Let p = -10 - -4. Let a = -2 - p. Calculate the remainder when 15 is divided by a.
3
Let x be 25/(-3) - (-3)/9. What is the remainder when (-5)/(-2)*(-174)/(-15) is divided by (30/x)/((-1)/4)?
14
Suppose -4*b - 3*m = -72, 3*b - b + 2*m - 38 = 0. Calculate the remainder when b is divided by 6.
3
Let y(a) = 4*a**2 + a + 1. Let i be y(-2). Let j = 38 + i. What is the remainder when j is divided by 14?
11
Let g = 191 + -189. What is the remainder when 2*(2 - -2)/2 is divided by g?
0
Let w(c) = 7*c**3 - c**3 - 5*c**3 - 9*c - 6 + 5*c**2. Calculate the remainder when 47 is divided by w(-6).
11
Let c = 40 - 28. Suppose -u = u - c. Suppose -3*t + 2*g = t - 70, g + 51 = 3*t. Calculate the remainder when t is divided by u.
4
Suppose 278 = 2*o - 32. Let x = o + -86. Calculate the remainder when x is divided by 18.
15
Let v = 3 + -1. Let i =